
-43
In base 7, what is -12 - -10?
-2
In base 3, what is -1 + -2110001?
-2110002
In base 11, what is 12 - 32?
-20
In base 12, what is 4708 - 3?
4705
In base 9, what is -26 + -15?
-42
In base 5, what is 30 - -1012?
1042
In base 7, what is -22 + 36?
14
In base 4, what is -222 + -11?
-233
In base 8, what is 2 + 165?
167
In base 10, what is -9 + -2?
-11
In base 10, what is -960 - -3?
-957
In base 16, what is 1 + 5c4?
5c5
In base 9, what is 3 + -111?
-107
In base 15, what is 22 - -5?
27
In base 10, what is 38 - 2?
36
In base 16, what is 3 + 13?
16
In base 16, what is -6c - 5?
-71
In base 2, what is 1000010 - 10?
1000000
In base 15, what is 12 - -1?
13
In base 15, what is 5 - -16e?
174
In base 13, what is 1206 + 0?
1206
In base 10, what is -171 - -2?
-169
In base 10, what is -4540 - 2?
-4542
In base 2, what is 1100001 - 0?
1100001
In base 13, what is 1 - -b4?
b5
In base 3, what is 1 + 12120?
12121
In base 10, what is -92 + -3?
-95
In base 15, what is a8 - 21?
87
In base 6, what is -11222 - 20?
-11242
In base 16, what is 372 + 4?
376
In base 2, what is -110000000 - -111?
-101111001
In base 14, what is 39 + 5?
40
In base 16, what is 1 - -cdf?
ce0
In base 8, what is -244 + -4?
-250
In base 2, what is -1101010010 + 0?
-1101010010
In base 2, what is 111010100010011 - 0?
111010100010011
In base 14, what is -22 + -9?
-2b
In base 13, what is -20 - 38?
-58
In base 14, what is -1 + -175?
-176
In base 7, what is -2 - 602?
-604
In base 14, what is -3 - 34?
-37
In base 5, what is -3 + -13?
-21
In base 6, what is -31033 - 5?
-31042
In base 5, what is 3 + -3210?
-3202
In base 16, what is -85 - 4?
-89
In base 2, what is 111001 + -110100?
101
In base 2, what is 1 - -1101001?
1101010
In base 9, what is 363 - 5?
357
In base 6, what is -52315 - -1?
-52314
In base 6, what is -315 + 4?
-311
In base 5, what is 0 + 14140?
14140
In base 9, what is 3155 - 2?
3153
In base 2, what is -100 + -1100101?
-1101001
In base 2, what is 11 + 1010000?
1010011
In base 14, what is 1 + -32?
-31
In base 13, what is -c + 13?
4
In base 9, what is -8 + 2635?
2626
In base 15, what is -3 + -15?
-18
In base 13, what is 2 + -811?
-80c
In base 9, what is 10383 - -1?
10384
In base 7, what is 4 + 2460?
2464
In base 2, what is -11 - -1000111011?
1000111000
In base 4, what is 10 + 1123?
1133
In base 9, what is 3 - 20?
-16
In base 11, what is 189 + -4?
185
In base 10, what is 2 + -454?
-452
In base 12, what is -215 + 8?
-209
In base 14, what is -6 + -db?
-103
In base 10, what is -13 + -6?
-19
In base 2, what is 11110011001000 - 0?
11110011001000
In base 7, what is -152 - -21?
-131
In base 12, what is ab24 - 2?
ab22
In base 7, what is 125 - 5?
120
In base 4, what is 3122003 + 1?
3122010
In base 8, what is -7 + 27?
20
In base 2, what is -101 + 110001100011?
110001011110
In base 5, what is -3323 + -3?
-3331
In base 5, what is -34 + 1?
-33
In base 10, what is -32 - -216?
184
In base 16, what is 0 + 1c?
1c
In base 10, what is -17 + 5?
-12
In base 16, what is 28 + 3?
2b
In base 16, what is 3 + d3?
d6
In base 14, what is 47 - -1?
48
In base 11, what is -2 - 3983?
-3985
In base 7, what is -235 - 4?
-242
In base 13, what is -335 - 5?
-33a
In base 2, what is -11 + 10111010010?
10111001111
In base 14, what is -19bd - -2?
-19bb
In base 7, what is 2 - 422?
-420
In base 7, what is -2 + -515?
-520
In base 8, what is 2 - 55?
-53
In base 8, what is -30 + 13?
-15
In base 8, what is 1 + 107?
110
In base 2, what is 111101 - 0?
111101
In base 4, what is -22201 + 11?
-22130
In base 12, what is a6 + -5?
a1
In base 7, what is -5343 - 3?
-5346
In base 3, what is -21102 + 1?
-21101
In base 13, what is 13 - -311?
324
In base 3, what is -1102111011 + -11?
-1102111022
In base 13, what is -22 - 4?
-26
In base 3, what is 2 + -110010?
-110001
In base 4, what is 3 + -232023?
-232020
In base 7, what is -5 + -4?
-12
In base 8, what is 5 - -3?
10
In base 14, what is 5 - 50?
-49
In base 11, what is 1 - 33?
-32
In base 9, what is -63 + -11?
-74
In base 14, what is 764 - 5?
75d
In base 13, what is 2 - -c0?
c2
In base 7, what is -4 + 22660?
22653
In base 5, what is 1120 + 3?
1123
In base 10, what is 374 - -3?
377
In base 8, what is 571 + 4?
575
In base 13, what is 39 + -6?
33
In base 11, what is 1231 + 6?
1237
In base 13, what is -2 - b51?
-b53
In base 14, what is -4 + -9?
-d
In base 8, what is -147 - 5?
-154
In base 4, what is 2 - 301302?
-301300
In base 7, what is -1061 - 14?
-1105
In base 12, what is 395 - 2?
393
In base 2, what is -10001 - -1110010100?
1110000011
In base 11, what is 4 - -726?
72a
In base 16, what is -19 + 9e?
85
In base 10, what is -2 - 137?
-139
In base 11, what is 7450 + -5?
7446
In base 15, what is -c + -62?
-6e
In base 10, what is -4 - -2?
-2
In base 9, what is 350 + -14?
335
In base 5, what is -334 + -1?
-340
In base 16, what is 2c8 - -4?
2cc
In base 3, what is 122211 - -2?
122220
In base 16, what is 3 + -45?
-42
In base 5, what is 10 + 412?
422
In base 3, what is 1110 + 110?
1220
In base 4, what is 1223 + 1?
1230
In base 9, what is 1 - 83?
-82
In base 2, what is -100010000011 + -10?
-100010000101
In base 2, what is 1011111 + 10011101?
11111100
In base 13, what is -3 - -b92?
b8c
In base 7, what is -113 - 132?
-245
In base 11, what is 17426 - -4?
1742a
In base 13, what is -3 - 2b?
-31
In base 11, what is -5 - a?
-14
In base 10, what is 7 - -38?
45
In base 9, what is 64 - -50?
124
In base 16, what is eb + -4?
e7
In base 7, what is -43 - -10?
-33
In base 11, what is 594 - 1?
593
In base 15, what is -bb + e?
-ac
In base 14, what is 13 + 5?
18
In base 12, what is 0 - 6a?
-6a
In base 8, what is -141 + -5?
-146
In base 14, what is 24 + -17a?
-156
In base 5, what is 20 + -2?
13
In base 13, what is 26 + 3a?
63
In base 8, what is -131 + -3?
-134
In base 2, what is 100111111 + 111?
101000110
In base 8, what is -1 - -3460?
3457
In base 11, what is 2 - -699?
6a0
In base 6, what is 25 - 1?
24
In base 8, what is -14 - -65?
51
In base 12, what is 7 + 21?
28
In base 11, what is 68 + -3?
65
In base 4, what is 3 - 1011130?
-1011121
In base 12, what is 518 - -16?
532
In base 13, what is -4 - -b7?
b3
In base 14, what is 5 - 56?
-51
In base 8, what is 14 - -737?
753
In base 5, what is -122 + 1241?
1114
In base 10, what is -1 - 157?
-158
In base 9, what is 314 + -4?
310
In base 9, what is -12 - -120?
107
In base 14, what is -2 + 11?
d
In base 13, what is -5 + -8a4?
-8a9
In base 14, what is -2 + -49a?
-49c
In base 7, what is 1 + -12?
-11
In base 3, what is -1000 + 122011?
121011
In base 13, what is -1078 + -5?
-1080
In base 9, what is -3 + -1752?
-1755
In base 11, what is 0 + -63?
-63
In base 12, what is -42 + 20?
-22
In base 6, what is 30 + 203?
233
In base 2, what is 10 - 1100001011?
-1100001001
In base 16, what is 23f - -1?
240
In base 10, what is 70 - -3?
73
In base 10, what is 3 + 189?
192
In base 10, what is -187 + 5?
-182
In base 14, what is 58 - -2?
5a
In base 7, what is 464 - 136?
325
In base 11, what is 3 - -21?
24
In base 2, what is -101 + -110010011010?
-110010011111
In base 6, what is 12 + -2003?
-1551
In base 10, what is 3 - 72?
-69
In base 3, what is 10 + 200020?
200100
In base 13, what is 0 - -5a?
5a
In base 9, what is -683 + 0?
-683
In base 9, what is 338 - 5?
333
In base 14, what is 2a + -1?
29
In base 10, what is 2354 - 5?
2349
In base 4, what is -12 - -32?
20
In base 11, what is 2 + 118?
11a
In base 11, what is 547 + -4?
543
In base 11, what is 5 + -2169?
-2164
In base 13, what is 5 - -52?
57
In base 10, what is -32 - 27?
-59
In base 2, what is 1000000101100100 - 11?
1000000101100001
In base 2, what is -1011010011 - -10?
-1011010001
In base 10, what is 30 - 41?
-11
In base 12, what is -4 - -b88?
b84
In base 13, what is 2357 + -1?
2356
In base 11, what is 27 + -9?
19
In base 13, what is 3 - 0?
3
In base 12, what is 4 + 16?
1a
In base 15, what is 719 + 5?
71e
In base 15, what is 17 - -1?
18
In base 15, what is -3 + -48?
-4b
In base 3, what is 21110200 + 0?
21110200
In base 3, what is 101 - 101?
0
In base 11, what is 31a97 - -2?
31a99
In base 8, what is -70 + -22?
-112
In base 16, what is -21a + -4?
-21e
In base 2, what is -110100010 + 1100?
-110010110
In base 11, what is 4 + 78?
81
In base 12, what is -4 - 52?
-56
In base 7, what is 3 + 113?
116
In base 3, what is 221 - -1222?
2220
In base 12, what is -260 - 3?
-263
I